or of 15 and 144.
3
Calculate the greatest common factor of 270 and 90.
90
Calculate the greatest common factor of 33 and 847.
11
What is the highest common factor of 78 and 104?
26
Calculate the greatest common factor of 462 and 210.
42
What is the greatest common factor of 287 and 7?
7
What is the greatest common divisor of 46 and 483?
23
What is the greatest common divisor of 46497 and 33?
33
Calculate the greatest common divisor of 29 and 1.
1
Calculate the greatest common factor of 10 and 70.
10
Calculate the greatest common divisor of 2380 and 68.
68
Calculate the greatest common factor of 20 and 940.
20
What is the greatest common divisor of 270 and 72?
18
Calculate the highest common factor of 6 and 74.
2
What is the greatest common factor of 453 and 15251?
151
Calculate the highest common divisor of 64432 and 32.
16
Calculate the highest common factor of 8 and 188.
4
What is the greatest common factor of 62 and 5518?
62
What is the highest common factor of 141 and 2867?
47
Calculate the greatest common divisor of 124 and 3317.
31
What is the greatest common divisor of 608 and 114?
38
Calculate the highest common factor of 272 and 32.
16
Calculate the highest common factor of 357 and 10591.
119
What is the highest common divisor of 24 and 3?
3
What is the greatest common factor of 124 and 5146?
62
What is the highest common factor of 18 and 459?
9
Calculate the greatest common factor of 120 and 24.
24
What is the greatest common divisor of 48 and 240?
48
Calculate the greatest common divisor of 247 and 19.
19
What is the greatest common divisor of 38262 and 84?
42
Calculate the greatest common factor of 1652 and 98.
14
What is the greatest common factor of 2870 and 16810?
410
Calculate the greatest common factor of 224 and 8.
8
Calculate the greatest common divisor of 8 and 1006.
2
What is the greatest common factor of 210 and 160?
10
What is the greatest common factor of 70 and 133?
7
Calculate the greatest common factor of 4 and 19.
1
Calculate the highest common divisor of 39 and 39.
39
Calculate the highest common divisor of 2140 and 100.
20
What is the highest common factor of 60 and 2010?
30
Calculate the greatest common divisor of 710 and 10.
10
What is the highest common factor of 4266 and 54?
54
What is the highest common factor of 229 and 1832?
229
What is the greatest common factor of 370 and 1180?
10
Calculate the greatest common divisor of 82 and 12300.
82
What is the highest common factor of 36 and 324?
36
What is the greatest common divisor of 10 and 1210?
10
Calculate the greatest common divisor of 154 and 14.
14
Calculate the greatest common divisor of 32 and 512.
32
What is the greatest common factor of 29376 and 16?
16
What is the greatest common divisor of 667 and 58?
29
Calculate the highest common divisor of 64 and 160.
32
Calculate the greatest common factor of 1909 and 664.
83
What is the highest common factor of 20473 and 1388?
347
What is the highest common divisor of 7 and 329?
7
Calculate the highest common factor of 232 and 29.
29
What is the highest common factor of 4879 and 119?
119
What is the greatest common factor of 23 and 2369?
23
What is the highest common divisor of 282 and 6?
6
What is the greatest common divisor of 28365 and 186?
93
Calculate the highest common divisor of 189 and 2205.
63
What is the highest common divisor of 24 and 222?
6
What is the greatest common factor of 6194 and 38?
38
Calculate the greatest common divisor of 39 and 4758.
39
Calculate the greatest common divisor of 125 and 2375.
125
Calculate the greatest common factor of 22 and 9251.
11
What is the greatest common divisor of 247 and 19?
19
What is the highest common factor of 20 and 22810?
10
Calculate the greatest common factor of 318 and 12.
6
Calculate the greatest common divisor of 3729 and 66.
33
Calculate the greatest common divisor of 2210 and 3757.
221
What is the greatest common factor of 323 and 57?
19
What is the highest common divisor of 2 and 256?
2
What is the highest common factor of 15 and 565?
5
Calculate the greatest common factor of 465 and 45.
15
What is the greatest common factor of 352 and 8?
8
What is the highest common divisor of 72 and 504?
72
Calculate the greatest common divisor of 26 and 26.
26
What is the highest common factor of 12 and 150?
6
What is the greatest common factor of 188 and 20?
4
Calculate the greatest common divisor of 58 and 39063.
29
Calculate the highest common factor of 1156 and 17.
17
Calculate the highest common divisor of 2 and 54.
2
What is the highest common factor of 76 and 247?
19
What is the greatest common factor of 232 and 1696?
8
What is the greatest common divisor of 115 and 5?
5
Calculate the highest common divisor of 20 and 100.
20
Calculate the highest common divisor of 70 and 590.
10
Calculate the greatest common factor of 114 and 3648.
114
Calculate the greatest common factor of 706 and 4.
2
Calculate the greatest common factor of 1575 and 252.
63
Calculate the greatest common factor of 944 and 59.
59
Calculate the highest common factor of 384 and 48.
48
What is the highest common divisor of 39 and 4745?
13
Calculate the highest common factor of 19 and 25.
1
Calculate the greatest common divisor of 42 and 14.
14
Calculate the highest common factor of 5643 and 44.
11
What is the highest common factor of 1885 and 26?
13
What is the highest common divisor of 244 and 1647?
61
What is the greatest common divisor of 2528 and 96?
32
Calculate the greatest common factor of 92 and 184.
92
Calculate the greatest common factor of 34 and 12359.
17
Calculate the greatest common factor of 108 and 3996.
108
What is the greatest common factor of 35 and 870?
5
Calculate the highest common divisor of 3 and 243.
3
What is the greatest common factor of 267 and 3?
3
Calculate the greatest common divisor of 546 and 13.
13
What is the highest common factor of 110 and 1034?
22
Calculate the greatest common divisor of 306 and 18.
18
Calculate the highest common factor of 20 and 6620.
20
What is the highest common divisor of 59294 and 46?
46
What is the greatest common divisor of 93 and 744?
93
What is the highest common divisor of 1870 and 1360?
170
Calculate the greatest common divisor of 418 and 88.
22
What is the highest common factor of 28 and 700?
28
What is the greatest common divisor of 949 and 292?
73
What is the greatest common factor of 25 and 300?
25
What is the highest common factor of 10 and 630?
10
What is the greatest common factor of 1064 and 1330?
266
What is the highest common factor of 18 and 7002?
18
Calculate the highest common factor of 4620 and 1232.
308
Calculate the greatest common factor of 47 and 1645.
47
Calculate the greatest common divisor of 672 and 63.
21
What is the highest common divisor of 22 and 3762?
22
Calculate the highest common divisor of 2 and 11.
1
What is the highest common factor of 88 and 8?
8
Calculate the greatest common divisor of 130 and 50.
10
Calculate the greatest common factor of 8 and 4580.
4
What is the highest common factor of 50 and 10?
10
What is the greatest common divisor of 192 and 294?
6
What is the highest common divisor of 24 and 1788?
12
What is the greatest common divisor of 18 and 42?
6
Calculate the greatest common factor of 13 and 3263.
13
What is the highest common divisor of 3658 and 62?
62
Calculate the highest common factor of 352 and 22.
22
What is the highest common factor of 3 and 391?
1
What is the greatest common factor of 6 and 150?
6
What is the highest common factor of 140 and 308?
28
Calculate the highest common divisor of 5 and 265.
5
What is the highest common divisor of 178 and 3827?
89
What is the highest common divisor of 36 and 212?
4
What is the greatest common divisor of 709 and 7?
1
What is the greatest common divisor of 736 and 1012?
92
What is the greatest common divisor of 322 and 23?
23
What is the greatest common factor of 70 and 406?
14
Calculate the highest common factor of 42 and 69.
3
What is the highest common factor of 72 and 52?
4
Calculate the greatest common divisor of 98 and 658.
14
Calculate the greatest common factor of 26 and 598.
26
What is the greatest common divisor of 16 and 1296?
16
Calculate the greatest common factor of 7 and 7.
7
Calculate the highest common fa